e units digit of m?
6
Let r = -3 - -4. What is the units digit of r/((-2)/4)*-5?
0
Suppose 13*v - 165 = 10*v. What is the units digit of v?
5
Let v(w) = w**3 - w**2 - 6*w - 5. Let r be v(5). Suppose 0 = -4*h + 19 + r. What is the units digit of h?
1
Suppose -4*q + 0*q - b - 150 = 0, -3*q + 2*b - 118 = 0. Let a = -17 - q. Suppose a = 5*l - 29. What is the tens digit of l?
1
Let u be (3/(-9))/((-1)/24). Let d = -3 + 2. Let p = u - d. What is the units digit of p?
9
Suppose -6 = -4*z + 6. Suppose 37 = z*o + 7. What is the units digit of o?
0
Let x = -11 + 15. Suppose -8*h = -x*h - 12. What is the units digit of h?
3
Suppose -4 = 2*i - 4*v, 2*v - 5 = -1. Suppose 22 = i*n - 3*n. What is the units digit of 172/22 - 4/n?
8
Suppose -1 = 3*m - 7. What is the units digit of m?
2
Suppose 0 = -3*b - 1 - 5, -218 = -2*a - 5*b. What is the units digit of a?
4
Let x = -33 + 51. What is the units digit of x?
8
Let r(m) = 4*m**3 - 2*m**2 - 2*m - 3. What is the units digit of r(3)?
1
Let b = 30 + -16. Let t be (4 - 0) + (-162)/18. Let x = t + b. What is the units digit of x?
9
Suppose 0*z + 4*z + v - 335 = 0, -4*z + 331 = 5*v. What is the tens digit of z?
8
Let h = -15 - -40. What is the units digit of h?
5
Let r = -110 - -156. What is the tens digit of r?
4
Let c(i) = 3*i + 13. Let h be c(-16). Let o = h + 72. What is the units digit of o?
7
Let p = 31 - -20. Let w = -3 + p. Suppose 3*i + w = 4*f, -10 = 5*f + 3*i - 70. What is the tens digit of f?
1
Suppose -5*t = -2*q - 270, -4*t + 2*q + 216 = -q. What is the tens digit of t?
5
Let q(f) be the second derivative of -f**4/12 - 11*f**3/6 + 2*f**2 - 9*f. What is the units digit of q(-11)?
4
Let d(z) = 2*z**2 - 2*z - 2. Let y be d(2). Suppose o = 4 - y. Suppose -4*j + 2 = -o*j. What is the units digit of j?
1
Suppose -2*r = 2*r. Suppose 5*w - 5*t - 5 = r, 3*t - 9 - 4 = -5*w. What is the units digit of -3*w*2/(-6)?
2
Let o(m) = 12*m + 17. What is the tens digit of o(6)?
8
Suppose -2*k + 2*c = -339 + 7, 828 = 5*k - 4*c. What is the tens digit of k?
6
Let k(b) = b**3 - b**2 + 1. Let p be k(0). What is the units digit of 5*p*(-1)/(-1)?
5
Let w(f) = -f**2 + 3*f - 2. Let n be w(4). Let r = 10 + n. What is the units digit of r?
4
Let j = -6 + 11. Suppose -4*h + j*p - 2*p = 7, p - 13 = -4*h. Suppose s = -0*s + h. What is the units digit of s?
2
Let q(s) = 14*s - 4. Let g be q(-6). Let y be g/(-14) - (-2)/(-7). Suppose -k + y = k. What is the units digit of k?
3
Suppose 3*p + 12 = 2*i + i, 0 = -i - 3*p - 4. Suppose 2*h - 8 = -4*x, -i*h = -x - 0*x - 8. What is the units digit of h?
4
Let z be 24*(3 + -2) - 0. What is the units digit of (-10)/3*z/(-10)?
8
Let d = 44 - 27. Let l = 31 - d. What is the units digit of l?
4
Let q be 0 - 3*-2 - 1. Suppose -q*f + 67 = 7. Let n = 19 - f. What is the units digit of n?
7
Suppose 5*s - 189 = 326. What is the tens digit of s?
0
Let j(a) = 2*a**2 - 5*a - 16. What is the tens digit of j(-6)?
8
Let x = 10 - 8. Suppose 0 = -3*g - g. What is the units digit of x - (-2)/(-4)*g?
2
Let s be -1 - (-1 - -2) - -6. Suppose 4*m = -g + 4, g = 8*m - s*m - 4. Let q = m + 7. What is the units digit of q?
8
Suppose -2*x - 2*d + 8 = 0, 4*d - 24 + 8 = 0. Suppose b - 5 + 1 = x. What is the units digit of b?
4
Let c be -1 + (-6)/(-4)*2. Suppose -c*v - 7*q + 3*q + 28 = 0, 11 = -v + 3*q. What is the units digit of v?
4
Let f(l) = 6*l**3 - l. Let t be (-3)/(0 + -3) + -2. Let i be f(t). Let x(d) = -2*d + 7. What is the units digit of x(i)?
7
Suppose -f + 6 = -n, 3*n - 8 = 4. Let x be 1/6 + (-1)/6. Suppose -5*c + f = -x*c. What is the units digit of c?
2
Let s(w) = w**3 - 5*w**2 - 8*w + 9. Let d be s(6). Let q = d - -3. Suppose -4*m - 27 = -q*x - x, 3*x - 46 = 5*m. What is the units digit of x?
7
Let u(w) = w + 41. What is the units digit of u(0)?
1
Suppose 11 = 5*n - 49. What is the tens digit of n?
1
Let w(o) = o**2 + 5*o - 2. What is the tens digit of w(2)?
1
Suppose 4*r + 26 + 2 = 0. Let c(m) = 7*m + 3. Let n(w) = 8*w + 2. Let p(o) = 7*c(o) - 6*n(o). What is the units digit of p(r)?
2
Let x be -3*15*(-4)/(-18). What is the tens digit of ((-8)/x)/((-2)/(-30))?
1
Let z = -5 + 4. Let d = 25 + z. What is the tens digit of d?
2
Suppose 7*m - 84 = 3*m. Suppose u - 12 = 2*u. Let x = m + u. What is the units digit of x?
9
Let a be 29 - 9/(-3 + 0). What is the units digit of -5*(a/(-20))/2?
4
Let d be (-2 + -4)*(1 - 0). Let g(p) = -p**2 - 6*p - 6. Let h be g(d). What is the units digit of 1 - (h/(-3) - 2)?
1
Suppose 0 = 3*g - 17 - 1. Suppose 0 = 3*z - 4*z + 1. Let m = g - z. What is the units digit of m?
5
Suppose -3*n + 0*u = -2*u + 31, -36 = 3*n - 3*u. What is the units digit of (1/3)/(n/(-651))?
1
Let b = 2 - -2. Let v be 15/(-6)*(1 - (-27)/(-15)). Suppose w = v*w - 5*r - 13, 0 = -4*r - b. What is the units digit of w?
8
Let b = 44 - 34. What is the tens digit of b?
1
Suppose 2*q + 433 = 5*t, t = -2*t - q + 251. Suppose 4*y - t = -5*x, x + 4*y + 17 = 2*x. What is the tens digit of x?
1
Let f be (-5)/(-7) + 4/14. Let o be f - (2 - -1) - -9. Let i(d) = -d**2 + 7*d + 5. What is the units digit of i(o)?
5
Let s(u) = 4*u + 56. What is the units digit of s(18)?
8
Let u = -3 - -6. Let v(h) = -6*h**2 - 3*h**2 + 5*h**2 - h**u - 4 + h**2 - 3*h. What is the units digit of v(-3)?
5
What is the units digit of 3*(1/5)/(30/350)?
7
Let o be (-15)/(-12)*(-6 - -2). Let g = o - 2. Let f = g + 10. What is the units digit of f?
3
Let z = -1 - -13. What is the units digit of 18/(1*9/z)?
4
Let k be (-3)/(0 + 3/2). Let b = k + 2. Suppose b*c = -2*c - 2*v + 12, 0 = 4*v - 20. What is the units digit of c?
1
Let q(w) = 3*w**3 + 2*w**2 + w + 5. Let o(r) be the first derivative of r**4/2 + r**3/3 + 3*r - 1. Let l(k) = 5*o(k) - 3*q(k). What is the units digit of l(3)?
9
Let y(x) = x**3 - 11*x**2 + 14*x + 4. Let m be 12/(-90) - (-304)/30. What is the units digit of y(m)?
4
Suppose 0 = -2*c - 9 - 7. Let o be 12/8*c/3. Let h = 12 - o. What is the units digit of h?
6
Let y be (-2)/12 + (-50)/(-12). Suppose 2*v + y*q - 26 = -v, 0 = -3*v - q + 11. Suppose 3*s - v*w - 12 = s, 2*s - 19 = -5*w. What is the units digit of s?
7
Let g be (-2)/6 + (-26)/(-6). Suppose -h = 2*h + 15, g*h = a - 30. Suppose -7*u + 2*u = -a. What is the units digit of u?
2
Suppose 0 = -12*p - 894 + 2634. What is the hundreds digit of p?
1
Let p be -2 + (-6)/(-2) - 3. What is the tens digit of (-2 - 0)*13/p?
1
Let y(n) = 35*n + 5. Let c be y(4). Suppose -c = -2*r - 3*r. What is the units digit of r?
9
Suppose 0 = m - 1 + 8. Let u(a) = -a + 2. What is the units digit of u(m)?
9
Suppose 5*r = -k + 79, 5*k = 4*r - 35 - 5. What is the units digit of r?
5
Suppose -4*c = -3*d + 9, -3*c - 2*c + 4*d = 11. Let j = 0 + c. Let g(h) = 2*h**2 + 5*h + 2. What is the units digit of g(j)?
5
Let o = 4 + 0. Suppose -o*p - p = 0. Let n = 1 - p. What is the units digit of n?
1
Suppose 4*v - 143 = -2*a + 611, -183 = -v + 5*a. What is the hundreds digit of v?
1
Suppose 0 = 2*h + h - 48. Suppose -h*a = -17*a + 33. What is the units digit of a?
3
Suppose 401 - 128 = 3*m - 3*f, 0 = -5*f. What is the units digit of m?
1
Let g = -26 + 51. What is the tens digit of g?
2
Suppose -1 + 28 = v. What is the units digit of v?
7
What is the tens digit of -2 + 722/6 - 6/18?
1
Let j(g) = 3*g**2 - 22*g - 14. What is the tens digit of j(10)?
6
Let q be 0 + (-6)/2 + 11. Suppose 0*b = -3*b - 5*u + 131, -q = 4*u. Suppose 5*p - 5 = 0, 2*c - 3*p = 6*c - b. What is the tens digit of c?
1
Suppose -2*b + 5*b - 54 = 0. Let d = b + -12. What is the units digit of d?
6
Let h be -1 - ((-6)/3 + 2). What is the units digit of (h + 8)*(-6)/(-6)?
7
Let y(m) = 3 - 1 + m + 0 - 2*m**2 + 0. Let i be y(6). What is the units digit of (-6)/(-27) - i/36?
2
Let b(g) = 43*g + 10. What is the tens digit of b(4)?
8
What is the units digit of 5/(-2)*(-124 - (-2)/1)?
5
Let s = -16 - -12. Let n = 27 + s. What is the units digit of n?
3
Let j(x) = -2*x - 3. What is the units digit of j(-4)?
5
Suppose 0 = -j - 4*j. Suppose -a = -j - 4. What is the units digit of a?
4
Let o = 19 - 14. Suppose 27 = o*c - 4*c. What is the units digit of c?
7
What is the units digit of 2*274/((-8)/4*-1)?
4
Let g(i) = i**2 + 24*i + 51. What is the tens digit of g(-28)?
6
Let i be (1 - 0)*-2 - 7. Let s be i - (-5)/((-10)/(-4)). Let n = s + 11. What is the units digit o